mainder when (-1)/(1/(-22))*m/t is divided by 4.
3
Suppose 3*v + 181 = y, -12*v - 744 = -4*y - 10*v. What is the remainder when y is divided by 10?
7
Let v(d) = -32*d - 48. Suppose 0 = 3*c + z + 17, -4*c + 2 = 5*z + 32. What is the remainder when v(c) is divided by 38?
36
Let k be (-10)/2*(-3)/5. Suppose 249 + 147 = 2*o. Suppose -i - o = -k*i. Calculate the remainder when i is divided by 10.
9
Suppose 0 = 2*g - 936 + 902. What is the remainder when 83 is divided by g?
15
Suppose -27*r = -2*o - 25*r + 46, o - 4*r = 23. What is the remainder when o is divided by 3?
2
Let w = 54 + -38. What is the remainder when ((-2)/(8 - 7) - 1)*-21 is divided by w?
15
Suppose -2*c = 2*c - 2*o - 240, 70 = c + 2*o. Calculate the remainder when -10*9/(-195)*(-39)/(-6) - -182 is divided by c.
61
Let o(d) = -678*d + 1396. What is the remainder when 796 is divided by o(2)?
36
Suppose 16 = -7*c + 3*c, 2*g + 4*c + 32 = 0. Let m(o) = -2*o + 11. Calculate the remainder when m(g) is divided by 6.
3
Suppose -4*m + 7*m = 0. Suppose 0 = 4*d - m*d - 8. Suppose -3*r = -5*h - d*r + 259, 47 = h + r. What is the remainder when h is divided by 26?
25
Suppose 261 = 3*x - 195. Let q = -57934 + 57945. Calculate the remainder when x is divided by q.
9
Suppose -546 = u + 108. What is the remainder when ((u/(-4))/3)/((-21)/(-42)) is divided by 10?
9
Let o(g) = -g**2 + 31*g - 10. Let d(i) = -6*i + 6 + 10 + 0 - 14. Let m(j) = -11*d(j) - 2*o(j). What is the remainder when m(10) is divided by 48?
46
Let n be 1/(-3)*-6 - 1. Let z be (3/(3/(-1)))/(n/(-4)). Suppose -z*l - 5*d + 132 = 0, -5*l + 3*d + 132 = d. Calculate the remainder when 53 is divided by l.
25
Let f = 301 - 555. Let c = -243 - f. What is the remainder when 219 is divided by c?
10
Suppose 4*k + 3*h = 726, 5*k + 4*h + 519 = 1426. Let o be 3/(3*4) + k/(-12). Calculate the remainder when 5 is divided by ((-12)/o)/((-4)/(-10)).
1
Suppose -45 + 57 = 2*x. What is the remainder when 129 is divided by ((180/25)/x)/((-10)/(-525))?
3
Suppose -k = 2*i + 4, -5*i + 12 = -4*k + 48. Suppose k*d + 292 = 808. Let n(y) = 5*y - 3. What is the remainder when d is divided by n(3)?
9
Let m be 3/(-12) + (-39)/(-12). Calculate the remainder when (m - (-2)/2) + (-288)/(-3) is divided by 21.
16
Let o(c) = -c + 11. Let u be o(0). Suppose -u*y = y + 384. Let d = y + 81. What is the remainder when 97 is divided by d?
48
Suppose 0 = -1108*g + 1128*g - 6160. Calculate the remainder when g is divided by 154.
0
Let t = -135 + 147. Suppose 0 = -t*a + 209 + 1975. What is the remainder when a is divided by 37?
34
Suppose 4*z - 18 = z. Suppose 3*j - z - 27 = 0. What is the remainder when 62 is divided by j/55 + (-318)/(-10)?
30
Let m(o) = -o**2 + 103*o - 1513. What is the remainder when 162 is divided by m(20)?
15
Let k(t) = t**2 + 18*t - 42. Let c be k(-20). Let m be 7/c*(21 - 31). Suppose -2*l - m + 111 = 0. Calculate the remainder when l is divided by 13.
12
Let n = 4681 - 4598. Suppose -4*w = -5*g - 183, 3*w + 0*w - 120 = -2*g. What is the remainder when n is divided by w?
41
Let o = 37 - 6. Suppose -9*s + o = -131. Calculate the remainder when s is divided by 390/54 + (-2)/9.
4
Suppose 0 = -4*k + 4*t - t, 0 = 5*k - 4*t. Suppose k = 7*i - 6 - 8. Calculate the remainder when i/5 - 3248/(-80) is divided by 11.
8
Let i(s) = s**3 - 17*s**2 - 6*s + 375. Calculate the remainder when i(19) is divided by 47.
43
Let a(n) = 3*n**2 - 3. Suppose 5*c + 8*y - 10*y + 5 = 0, 5*y = 3*c - 16. Calculate the remainder when a(-5) is divided by (-66)/(-8 + 5) + c.
15
Suppose -33 - 135 = -4*h. Suppose 2*w - 26 - h = -2*r, -1 = -r. Calculate the remainder when w is divided by ((-6)/9)/((-4)/54).
6
Let t(d) = -2*d**3 + 133*d**2 + 67*d + 22. Calculate the remainder when 5080 is divided by t(67).
20
Let y be 632/15 - (-18)/(-135). Let d be ((-4)/6)/(y/(-63)). Let n(w) = 27*w + 4. Calculate the remainder when n(d) is divided by 8.
7
Suppose -10415 = -23*y + 119. What is the remainder when y is divided by 128?
74
Let d be 3*-1*(-2)/2*3. Let j be (-16884)/(-162) - (2/d)/1. Suppose 0*r + u + j = 5*r, 4*u = -5*r + 109. What is the remainder when r is divided by 8?
5
Let k = 28445 - 28235. Calculate the remainder when 11126 is divided by k.
206
Let t(i) = i**2 - 12*i + 15. Let l be t(11). Suppose -l*m - 343 = -3*c, 8 = -3*c + 2*m + 343. What is the remainder when c is divided by 30?
19
Suppose 1 = -3*x + 10. Calculate the remainder when (0 + (-6 - -3))/(x/(-201)) is divided by 42.
33
Let c(p) be the first derivative of 7*p**3 - 5*p**2/2 - 7*p + 198. What is the remainder when c(-3) is divided by 25?
22
Suppose -12*u - 4 = -10*u, -3385 = -5*t + 5*u. What is the remainder when 687 is divided by t?
12
Suppose 214*q + 147 = 215*q. What is the remainder when 581 is divided by q?
140
Suppose 0 = -44*m + 20*m + 7*m + 187. Let b = 1009 + -493. What is the remainder when b is divided by m?
10
Suppose 9*m - 19 = 71. Suppose -7*x + m + 32 = 0. Suppose x*h = 3*h + 54. What is the remainder when 20 is divided by h?
2
Suppose -14*h + 562 = -15*h. Let u = h + 392. Let i = u + 320. Calculate the remainder when i is divided by 38.
36
Let i(v) = 2*v**3 - 3*v**2 - 4*v + 65. Suppose -s + 2*l + 2*l + 17 = 0, -4 = -2*s - 2*l. What is the remainder when i(s) is divided by 33?
22
Suppose -51*g - 1632 = -99*g. Let a(q) = -q**3 + 4*q**2 + q + 4. Suppose 0 = -9*x + 11*x - 6. Calculate the remainder when g is divided by a(x).
2
Suppose 4*h - 3*h = 4. Suppose -5*a - t + 877 = -0*t, 5*a + 3*t = 871. Suppose 2*z + 148 = a. What is the remainder when z is divided by h?
2
Let o(l) = 5*l**2 - 98*l + 400. What is the remainder when o(-30) is divided by 23?
20
Let h(m) = -m**3 + 16*m**2 - 21*m + 217. Calculate the remainder when h(14) is divided by 79.
78
Suppose 0*w = 5*w + 5*t - 660, 0 = 3*w - 4*t - 431. Suppose -17396*c + 950 = -17371*c. What is the remainder when w is divided by c?
23
Suppose -2*v - 5 = -i, -4*i - 2*v + v = -47. Let f be ((-3248)/(-32) + 7)*(-6 + 2). Let x = -369 - f. What is the remainder when x is divided by i?
10
Let l(d) = -d**3 - 11*d**2 - 12*d - 13. Suppose -3*m - 41 + 11 = 0. Let z be l(m). What is the remainder when 58 is divided by z/(105/80)*9/4?
10
Let l(f) = -18*f**2 + 207*f - 72. Calculate the remainder when 21003 is divided by l(11).
24
Suppose 236 + 49 = 3*w. Let d(u) be the first derivative of -11*u**2/2 + 112*u - 41. What is the remainder when w is divided by d(8)?
23
Suppose -26*d - 3*g = -24*d - 323, -3*g - 9 = 0. What is the remainder when 2816 is divided by d?
160
Calculate the remainder when 340/5 + (5 - 5) + 2 is divided by (-111)/(-3) + 3 + -1.
31
What is the remainder when 187/(-374) - (-98)/4 is divided by 3?
0
Let z = -30 + 38. Suppose 3*m = 5*b - 493, -b + 3*m = 7*m - 117. Calculate the remainder when b is divided by z.
5
Let k = -1 + 1. Suppose -432 = -5*q - 2*j, k = -2*q + 4*q - 3*j - 169. Suppose 0 = -189*h + 137*h + 2288. What is the remainder when q is divided by h?
42
Suppose 4*x + 50 = 9*x. Let z be ((-2)/(-3))/(x/90). Suppose -z*i - 282 = -12*i. Calculate the remainder when i is divided by 24.
23
Suppose 4*m + 3*y - 329 = 0, -24*y = 5*m - 23*y - 392. Calculate the remainder when 1297 is divided by m.
65
Let v(r) = -r**2 + 1. Let b(k) = -2*k**2 - 5*k - 1. Let p = -8 - -10. Let n(g) = p*v(g) - 2*b(g). Calculate the remainder when n(-8) is divided by 11.
8
Let r(c) = c**3 + 7*c**2 - 34*c + 3. Let t be (10/4)/(6*2/(-48)). Calculate the remainder when 297 is divided by r(t).
39
Let q = 182 - -208. Let r = 546 - q. Suppose w - r = -2*w. What is the remainder when w is divided by 19?
14
Suppose 3*d + 12 = 0, -3*s - 2*d + 5*d + 498 = 0. Calculate the remainder when s is divided by 24.
18
Let c = -44 + 77. Suppose -16 - 14 = 5*m. What is the remainder when c is divided by (m/15)/(-2*3/210)?
5
Let p be 44/4 - 8 - (1 - 0). Suppose -p*r + 91 + 141 = 4*k, -2*k = -r + 108. What is the remainder when r is divided by 38?
36
Let j be 339 + 0 - 0/(-16 + 5). Suppose -5*k = -25, -k + j = 3*w + 2*k. Calculate the remainder when w is divided by 37.
34
Calculate the remainder when 89 is divided by (((-3)/4)/((-240)/1024))/(37/370).
25
Suppose -3*q + 32 = b, 3 - 28 = -5*b. Let t be 1/q + 12920/(-45). Let g = t + 403. Calculate the remainder when g is divided by 20.
16
Let k = 185 + -191. Le